m - 5132. Suppose 5*k + 4*u - 42 - 9 = 0, -31 = -5*k + u. Suppose k*r - m - 54 = 0. Is r a composite number?
False
Let k(r) = 3*r**2 - 3*r**2 + r**2 + 0*r**2 + 6*r**3 - 1. Let b be k(1). Suppose b*a + 2*o = a + 132, -2*o = -2. Is a composite?
True
Let a(v) = 418*v + 21. Let c(b) = -b - 1. Let s = 67 + -68. Let y(k) = s*a(k) - 3*c(k). Is y(-3) a composite number?
True
Let l = -44 + 42. Let r be (l/(-1) - 4)/(26/2301). Let t = 154 - r. Is t prime?
True
Let g = 317 - 2. Let p(j) = 2*j**3 - 13*j**2 - 7*j + 8. Let o be p(7). Suppose -o = 3*f + 7, l - g = 4*f. Is l composite?
True
Let g = 38604 - 13867. Is g prime?
False
Let u(k) = 126*k**2 - 30*k - 763. Is u(-18) a prime number?
False
Let r = 81021 + -53562. Let h = r + -17527. Suppose -1846 - h = -6*a. Is a a prime number?
False
Suppose -16*p = -612 - 220. Suppose -p*b + 9*b = -769829. Is b composite?
False
Let t be (-5)/(-35) - (-13)/7. Suppose 3*r - 21 = 3*q, 4*q + 10 = r + 2*q. Suppose -2*j + r*o = -998, -322 = 3*j - t*o - 1819. Is j a prime number?
True
Let x be 2/(-8) + (-3)/((-36)/(-385977)). Is (-4 + 1)*x/15 a prime number?
False
Suppose 981571 = 57*x - 1789028. Is x a prime number?
False
Suppose -23*s + 42 + 27 = 0. Let f = 23 + 122. Suppose -3*c + 5*u + 143 = 0, 2*u - f = -s*c - 9. Is c a composite number?
True
Suppose 11022*n - 11033*n + 86911 = 0. Is n a composite number?
False
Let i(f) be the third derivative of 431*f**6/120 - f**5/20 + f**4/4 - f**3 - 22*f**2. Let p be i(2). Let q = p - 1625. Is q a composite number?
True
Suppose 223582 - 23136 - 10168771 = -75*n. Is n prime?
True
Let s(h) = -338*h - 71. Suppose -8 = -112*t + 113*t. Is s(t) a composite number?
False
Let q = -176130 + 98799. Let j = 133630 + q. Is j composite?
False
Let s(i) = -2*i**2 - 9*i. Let u be s(-4). Suppose -5*j + j + u = 0. Is (-783)/(-2) + j/(-2) prime?
False
Suppose 0 = -2*z - 2*f - 2, 0 = -5*z + 2*z + 5*f + 37. Suppose 2*b + s = 4870, -z*b - 5*s + 4*s = -9740. Is b a prime number?
False
Let i(b) = 518213*b + 1088. Is i(3) a prime number?
True
Let f be (-4)/8*-18 - (7 - 5). Suppose -8875 - 4768 = -f*u. Is u a prime number?
True
Let i(q) = 8*q - 39. Suppose -2*a = 3*a - 2*d - 20, -4*a = -d - 19. Let g be i(a). Suppose 2*v = -4*t + 54, 2*v + g*t = 4*t + 49. Is v a composite number?
False
Let l(n) = 3*n - 796. Suppose 2*i + 3*i = 0. Let o be l(i). Is 2 + 2 - 6 - o a prime number?
False
Let i = -24 + 26. Is (-354537)/(-162)*i/3 prime?
True
Suppose -1497127 = -2*z + i, -34*z + 30*z = -3*i - 2994247. Is z prime?
True
Suppose 63*c - 55 = 52*c. Suppose -c*y + 1765 = -3720. Is y a prime number?
True
Let n(m) = -m**3 + 21*m**2 + 3*m - 27. Let d be n(21). Is 3434748/108 + ((-8)/d - 0) prime?
False
Let i be (8 - 9) + (-9)/3. Is (-9)/(-12)*i - -837*2 prime?
False
Suppose -2*l = -f, 3*f - 1 = -3*l - 28. Let t(s) = 640*s + 17. Let i(k) = -1279*k - 33. Let c(a) = -2*i(a) - 5*t(a). Is c(f) prime?
True
Let n = 162545 - -17124. Is n a prime number?
False
Let n(s) = 17*s**3 - 20*s**2 + 21*s - 29. Let w(z) = 6*z**3 - 7*z**2 + 7*z - 10. Let j(k) = -4*n(k) + 11*w(k). Let x be j(4). Let a = x - -229. Is a prime?
True
Suppose 11*v + 18 = 106. Let d(n) = -1 + n + 8*n + 8*n**3 + 16*n**2 + n. Is d(v) a prime number?
False
Let v = 31325 + 2106. Is v a composite number?
True
Suppose 0 = 14*s - 13*s + 2. Let c(n) = -541*n**3 + n**2 - 4*n - 10. Let h be c(s). Let f = -2465 + h. Is f a prime number?
False
Let b(k) = -37180*k + 4571. Is b(-5) prime?
True
Let c = -1140 + 3224. Let t = -969 + c. Is t a composite number?
True
Suppose -1246210 = -23*q - 11*q + 2629212. Is q composite?
False
Let x(t) = -10 - 2 - 1 + 994*t + 6. Is x(2) prime?
False
Let l(b) = -2*b**3 + 2*b**2 - 2*b - 1. Let c(t) = t**3 + 4*t**2 + 2*t - 3. Let y be c(-2). Let w be l(y). Let k(d) = 82*d**2 + 4*d + 13. Is k(w) a prime number?
True
Let v(o) = 2800*o**2 - 62*o + 741. Is v(7) a prime number?
True
Suppose 0 = 4*h - 2*c + 36 + 48, 0 = -h - 2*c - 11. Let y(p) = -p + 10. Let g be y(-9). Let l = g - h. Is l a prime number?
False
Suppose 20*n - 26*n + 7*n = 55037. Is n a composite number?
True
Let p(i) be the first derivative of -55*i**2 + 119*i - 30. Is p(-9) prime?
True
Let r(i) = -i**3 + 13*i**2 - 2*i + 29. Let v be r(13). Suppose -v*u + 125 + 1618 = 0. Suppose 4*o + 274 = 2*c - 0*c, 4*c - u = -3*o. Is c a prime number?
False
Suppose -5*a - 3*s = s - 19, -4*a - 3*s + 15 = 0. Suppose 0 = a*x - 2*x - 5. Suppose -2*v - 5505 = -x*b, -5*b + 4490 = -4*v - 1025. Is b prime?
False
Let m = 101 - 107. Is m/4*34316/(-6) a composite number?
True
Let a = -139724 - -295086. Is a prime?
False
Let m = -1093 + 2606. Is m composite?
True
Let j = 46 - 38. Let m = 6 - j. Is ((-5)/5 + -325)/m composite?
False
Let n(j) = -872*j**2 + 8*j + 5. Let t be n(-3). Let g be (4 - (t + -3))/1. Is g/10 - (-6)/(-15) a prime number?
True
Let p = -13146 - -26642. Suppose p + 483319 = 15*j. Is j prime?
False
Is 1*((-3)/((-30)/50) - -55308) composite?
False
Let f = 7210 - -14899. Is f a prime number?
True
Is 22911 - (3 + -14 + 1) prime?
True
Let a(x) = 6*x**3 - 10*x**2 - 4*x - 17. Let u(h) = -2*h + 55. Let w be u(23). Is a(w) composite?
False
Suppose -40*v = -43*v + 15609. Suppose 0 = 17*z + 1616 - v. Is z composite?
False
Let z = 348 - 29. Let i = -236 + z. Is i a composite number?
False
Suppose 0 = -5*g - 5*r + 90 + 5, 63 = 3*g + 5*r. Suppose -18*z + 4874 = -g*z. Is z a prime number?
True
Suppose -4*j + 611343 = 4*n - 24265, n = 5*j - 794552. Is j composite?
False
Let g be 336/(-140)*820/6. Is (g/(-12)*-1)/(6/(-207)) composite?
True
Suppose 919011 + 716145 = 36*b. Is b prime?
False
Let h(n) = 12 + 4369*n + 11 + 14 - 4583*n. Is h(-11) composite?
True
Let u be (-1237)/((-1)/(2 + -1)). Let v = 1820 - u. Is v prime?
False
Suppose -83*u + 9478472 = -14961957. Is u composite?
True
Let p = 658 - 635. Suppose 18270 + 120443 = p*c. Is c prime?
False
Suppose 0 = 5*f - 4*s - 54478, -s + 30225 = 2*f + 8426. Suppose 30612 = 14*n - f. Is n a composite number?
True
Let o(k) = k**3 + 5*k**2 + 5*k + 4. Let u be o(-2). Suppose 0 = u*a - 0*a - 85686. Is a prime?
True
Suppose -4*c - 3*l = -2140420, 14*l + 2675479 = 5*c + 12*l. Is c prime?
True
Let w(j) = -2*j - 3. Let g be w(-3). Suppose 5*q - 37 = g*c, -3*q + 4*c + 23 = 2*c. Suppose 21 = x + a, -a + 81 + 40 = q*x. Is x composite?
True
Let p(q) = -2*q + 12. Let o(a) = -a**2 + 11*a - 4. Let g be o(10). Let y be p(g). Is (-1 + y)/((-2)/(-484)*-2) composite?
True
Suppose z + 3*k - 3 + 1 = 0, -5*k - 48 = -3*z. Let w(j) = 2*j - 23. Let g be w(z). Is (g - -1142) + (-2 - 0) a prime number?
False
Suppose 74718 = -25*n + 248843. Suppose -14*x + n = -3213. Is x prime?
True
Let o(q) = 3*q**2 + 32*q + 23. Let r be (-2 - (-10 - 4) - 2)*-1. Let j be o(r). Suppose -2*p + 5*f + 195 = -p, -4*p - j*f = -734. Is p prime?
False
Is 50585 - (9 + (15 - 20)) a composite number?
False
Let l(c) = 4*c**3 + 6*c**2 - 117*c - 124. Is l(51) a prime number?
True
Let u = 16725 - 4747. Suppose 49*x - 51*x + u = 0. Is x a prime number?
False
Suppose -51*c + 1441104 = -3*c. Is c a composite number?
True
Suppose 10*o - 35875 = -i, 3*o + i - 1605 - 9161 = 0. Is o a prime number?
False
Suppose -227*y - 1678316 = -205*y - 7094782. Is y composite?
False
Let l(c) be the second derivative of -c**5/20 - 7*c**4/12 + 5*c**3/6 - 3*c**2/2 - 16*c. Let g be l(-8). Is (-4)/(-14) - ((-93105)/g)/5 composite?
False
Suppose -20 = -7*v + 3*v. Suppose -v*h - q = -1053, -5*h - 8 + 1067 = -2*q. Is h a prime number?
True
Let w be (-138)/(-8) + (-3)/(24/10). Suppose 4*b - 40856 = 4*y, 0 = -y + 13 - w. Is b prime?
True
Let n be (-166)/3 - (-1 + (-16)/(-24)). Is 1/(n/22) + 103247/5 composite?
True
Suppose -y - 712 = 5*o - 5491, -3*o - 5*y + 2885 = 0. Let b be 2986/9 + (-4)/(-18). Let z = o - b. Is z a composite number?
True
Suppose -4*k - 47 + 47 = 0. Suppose o - 5*o + 6364 = k. Is o prime?
False
Suppose 4*b = 4*z + 9*z + 172109, 0 = -5*b - z + 215188. Is b prime?
True
Let f(b) = 9*b - 32. Let i be f(4). Suppose 0 = i*d + 4*h - 21388, -3*d + 3*h + 148 = -15893. Is d prime?
True
Let b(c) = 22*c**2 - 21*c - 48. Let t(w) = w**2 + w. Let z(g) = b(g) + t(g). Is z(-3) a composite number?
True
Let i be 20/(-5) + -129 - 2/2. Let t = 132 + i. Is 2 + 1259 - t/2 a prime number?
False
Let o be 3 - 5/10*-26. Suppose 0 = -10*y + o*y - 37734. Is y p